divisor of 5 and d.
5
Suppose -5*c = -26*l + 22*l - 75, 3*c - 37 = 4*l. Calculate the greatest common divisor of c and 190.
19
Let a = -1299 + 1474. Calculate the greatest common divisor of 14 and a.
7
Let r = -237 + 256. What is the highest common divisor of 551 and r?
19
Suppose m = -5 + 14. Suppose 2*a - m + 53 = 0. Let n = a - -32. What is the greatest common divisor of 5 and n?
5
Let s(r) be the first derivative of -7*r**2/2 - 10*r + 2. Let x be s(-4). Let d be (x/15)/(9/30). What is the greatest common divisor of d and 12?
4
Let s(g) = -49 + 3*g + 63 - 8*g - g**2. Let i be s(-6). Calculate the highest common factor of i and 24.
8
Let u(a) = -a**3 - 9*a**2 - 7*a - 4. Let v be u(-4). Let t be v/(-70) + 392/10. Calculate the greatest common divisor of t and 10.
10
Let q be 51/(-9)*7/(35/(-30)). Calculate the greatest common divisor of q and 2.
2
Let c be 2/7 + (-164)/(-14). Suppose 0 = -104*y + 109*y + 45. Let r = y + c. Calculate the highest common divisor of r and 24.
3
Let h be ((-7)/14)/((-2)/12). Let x = 50 - 27. Let c = x + -11. Calculate the highest common factor of c and h.
3
Suppose 7*f = -35*f + 210. Calculate the highest common factor of f and 135.
5
Let h(d) = 9*d - 7. Let p be h(2). Let q = -36 + 80. What is the greatest common divisor of p and q?
11
Suppose 5*d = 3*g - 7, 4*d + g + 12 = -3*g. Let m be 10/(-6) - (-74)/111. Let h be m/(d/20) - 0. What is the greatest common factor of h and 70?
10
Let u = 16 + -13. Suppose -4*o - 371 = -u*f + 765, 0 = -2*f - 8. Let x = o - -584. Calculate the highest common factor of 27 and x.
27
Let k be 10/(-14) - (-656)/56. Calculate the highest common divisor of 297 and k.
11
Let c = 466 + -250. Let d = c + -46. What is the greatest common divisor of d and 17?
17
Suppose 8*h = -380 + 1052. What is the greatest common divisor of h and 132?
12
Suppose 4*q = a - 5*a + 28, 0 = -2*a - 8. Let m(t) = -t**2 + 17*t + 3. Let p be m(13). Calculate the highest common factor of p and q.
11
Let n(j) = -j**3 - 11*j**2 + 14*j + 27. Let p be n(-12). Calculate the greatest common divisor of p and 159.
3
Let h = -46 - -51. Suppose -4 = -h*t + 131. What is the greatest common divisor of t and 18?
9
Let l = 67 + -97. Let o be (-2)/(-2 + (-57)/l). Calculate the greatest common divisor of 160 and o.
20
Let x(k) = k**2 - 9*k + 13. Let y be x(8). Suppose -o + y*w - w = -57, 3*w - 36 = -o. Calculate the highest common factor of o and 18.
9
Let y(b) = -14*b + 17. Let r be y(-1). What is the highest common divisor of r and 31?
31
Let m(v) be the third derivative of -25*v**5/12 - v**4/12 - v**3/2 - 6*v**2. Let t be m(-2). Let k = -349 - t. Calculate the greatest common factor of k and 60.
30
Suppose 0 = 3*j - j. Suppose -3*z + 4*n + 53 = -j*n, 1 = z + 2*n. Suppose 2*s - 5*s + 11 = -4*u, u - 21 = -4*s. Calculate the highest common factor of u and z.
1
Suppose 0 = 4*i - 77 - 487. Let f = -78 + i. Calculate the greatest common factor of 7 and f.
7
Let s(v) = -3*v - 14. Let n be s(-6). Suppose 5*u + 4*g - 36 = 0, u - n*g = -0*u - 12. What is the greatest common factor of 1 and u?
1
Suppose 4*q - 3172 = -5*o, 2*o - q - 4*q - 1249 = 0. Suppose 2217 = -6*x - 57. Let f = o + x. Calculate the greatest common factor of 23 and f.
23
Let s(k) = 2*k - 26. Let n be s(16). Let o be (-1*1)/((-7)/14). Calculate the highest common factor of n and o.
2
Suppose 0 = -3*m + m + 48. Let q = 171 - 113. Suppose -5*w = -q - 2. Calculate the greatest common divisor of w and m.
12
Let n be (-8)/3*(-10 - -1). Let x = -193 - -198. Let c be 3/(-1 - 2) + 185/x. What is the highest common factor of n and c?
12
Suppose -99 = -3*g + 3*m, 4*g + 2*m = 5*g - 38. Let z(i) = i**2 - 79*i - 1204. Let j be z(93). Calculate the greatest common factor of j and g.
14
Suppose 61*a + 1976 = 123*a - 43*a. Suppose -5*i - 5*b - 5 + 50 = 0, 19 = 2*i + 3*b. What is the highest common divisor of i and a?
8
Let y(j) = j - 9. Let v be y(13). Suppose -5*b + v*b = 2. Let l(n) = 3*n**2 + 2*n + 4. Let c be l(b). What is the greatest common factor of 3 and c?
3
Suppose -3*b - q = -3 - 28, -4*q = 8. Let c(t) = t**2 + t + 88. Let v be c(0). Calculate the highest common factor of b and v.
11
Let a be (-4)/8 + (-15)/(-6). Suppose 0 = -a*r - 3*w + 23, r + r = 3*w - 7. Suppose 386 = r*z + 6. What is the greatest common divisor of 38 and z?
19
Let m(y) = 6 - y**3 - 3*y - 5*y - 7*y**2 + 0*y**2. Suppose 2 = -3*v - 3*b - 22, 26 = -5*v + 2*b. Let f be m(v). What is the greatest common factor of 126 and f?
18
Suppose 950 - 530 = 3*c. Calculate the highest common factor of 105 and c.
35
Let l be (-2)/(4/54*-1). Let u(f) = -16*f**3 + f**2 - 4*f - 5. Let h be u(-3). Let d be 270/(-4)*h/(-140). Calculate the greatest common divisor of l and d.
27
Let f = 9 - 3. Suppose -13*u + 505 + 41 = 0. Calculate the highest common divisor of f and u.
6
Let d = 17 + 88. Let n = -178 + 193. What is the greatest common divisor of d and n?
15
Let r be (-592)/(-14) - (-2)/(-7). Let a be 2/(4/62)*1. Let c be a + ((-20)/4 - -2). Calculate the highest common divisor of c and r.
14
Let q(p) = 2*p**3 - 14*p**2 + p + 9. Let c be 0 + (-21)/(-3) - (-1 + 1). Let g be q(c). Calculate the highest common factor of 8 and g.
8
Suppose -5 = -33*u + 28*u. Calculate the greatest common factor of 9 and u.
1
Let p = -94 + 132. Let h = 63 - p. Calculate the highest common divisor of 5 and h.
5
Let p = -80 - 146. Let y = 316 + p. What is the highest common factor of 36 and y?
18
Let w be -40*(-5)/(-3 - -8). Let r = 60 - w. What is the highest common factor of 15 and r?
5
Let t be (-4)/(-2) - (-821 + 37) - 6. Calculate the highest common divisor of 120 and t.
60
Let a(d) = d - 2. Let r be a(6). Suppose 0 = -g + r - 1. Let i be (g - 3) + -3 - -17. What is the greatest common divisor of i and 14?
14
Let a(g) = -g**3 + 16*g**2 - 9*g + 21. Let n be a(15). Calculate the greatest common factor of 296 and n.
37
Let b = -38 + 1973. What is the highest common divisor of 43 and b?
43
Suppose 3*h = -4*y + 10, -y + 0*y + h + 6 = 0. Suppose 8*v = y*v. Let w(i) = i**3 + i + 45. Let c be w(v). Calculate the highest common divisor of c and 15.
15
Suppose 2*k - 2*t - 12 = 0, -5*k + 24 = t + 6. Let d = 8 + -3. What is the greatest common divisor of k and d?
1
Suppose 2*t = 0, 0 = -3*d - 4*t + 121 + 47. Let c be -2 + (0 - 1) + 714. Let x be (-2)/11 - c/(-99). What is the greatest common factor of d and x?
7
Let n = 5 - 9. Let y be 18/10 + n/(-20). Let z = 26 - 16. Calculate the greatest common divisor of z and y.
2
Suppose 5*v - 2*p - 21 = 0, 5*p + 36 = 3*v + 12. Suppose -2*u + u = -v*n + 219, -3*n + 231 = -5*u. What is the greatest common factor of 8 and n?
8
Suppose -68 = 6*g - 296. Suppose 0 = -3*z + 67 + g. Calculate the greatest common divisor of 385 and z.
35
Let l be (12/16)/(6/32). Let m be l*((-17)/5)/((-2)/5). Let g = -301 - -573. Calculate the greatest common divisor of m and g.
34
Let m = -99 + 71. Let l be (336/8)/((-4)/(-2)). Let y be (144/m)/((-1)/l). What is the highest common divisor of y and 12?
12
Let f = 3439 + -3412. Suppose 4 = -4*d - 3*k, d = 2*d - 2*k - 10. Let y be (-36)/d*(-1 + 0). Calculate the greatest common factor of y and f.
9
Suppose i - 4 + 12 = 2*k, -14 = 3*i - 4*k. Let p be 42/(-7)*i/(-12). Let w be 2*p + (9 - -4). Calculate the greatest common factor of w and 6.
3
Suppose -3*h + 57 = 2*k + 3*k, k = 3*h - 3. Let v(z) = 16*z + 35. Let j be v(-2). Calculate the highest common factor of k and j.
3
Suppose 4*n - p + 181 = 0, -2*n + p + 44 = -3*n. Let y be 3/(-3 - n/14). What is the greatest common factor of 14 and y?
14
Let i be (-17 + 16)/(2/(-22)). Let v be (-4)/5 - 944/(-80). Calculate the greatest common divisor of v and i.
11
Let g(w) = 5*w - 9. Let q(o) = 3*o - 5. Let d(h) = -6*g(h) + 11*q(h). Let v be d(-4). Let j = -8 - v. Calculate the greatest common divisor of j and 5.
5
Suppose 6*o = 11*o - 70. Let p = -11 + o. Suppose -y = -5*a - 78, 4*y - p*a = -12 + 273. What is the greatest common divisor of 21 and y?
21
Let f(h) = -h**3 + 36*h**2 - 260*h - 27. Let z be f(22). What is the greatest common divisor of 42 and z?
21
Suppose 100 = 4*q - b + 2*b, -3*b - 90 = -3*q. Let n = -136 + 175. Calculate the greatest common divisor of n and q.
13
Let h = -14 - -14. Suppose -90 = -3*i + 4*r, h = i - 5*i - 2*r + 98. Calcu